{"id":11733,"date":"2026-03-02T08:44:32","date_gmt":"2026-03-02T13:44:32","guid":{"rendered":"https:\/\/mcfaille.com\/?page_id=11733"},"modified":"2026-03-02T16:21:52","modified_gmt":"2026-03-02T21:21:52","slug":"acupuncture-et-accompagnement-en-oncologie","status":"publish","type":"page","link":"https:\/\/mcfaille.com\/index.php\/acupuncture-et-accompagnement-en-oncologie\/","title":{"rendered":"Acupuncture et accompagnement en oncologie"},"content":{"rendered":"","protected":false},"excerpt":{"rendered":"","protected":false},"author":1,"featured_media":0,"parent":0,"menu_order":0,"comment_status":"closed","ping_status":"closed","template":"","meta":{"slim_seo":{"title":"Acupuncture et accompagnement en oncologie","description":"L\u2019acupuncture peut s\u2019int\u00e9grer de fa\u00e7on compl\u00e9mentaire aux traitements m\u00e9dicaux afin d\u2019offrir un soutien global et contribuer \u00e0 am\u00e9liorer la qualit\u00e9 de vie."},"footnotes":""},"class_list":["post-11733","page","type-page","status-publish","hentry"],"_links":{"self":[{"href":"https:\/\/mcfaille.com\/index.php\/wp-json\/wp\/v2\/pages\/11733","targetHints":{"allow":["GET"]}}],"collection":[{"href":"https:\/\/mcfaille.com\/index.php\/wp-json\/wp\/v2\/pages"}],"about":[{"href":"https:\/\/mcfaille.com\/index.php\/wp-json\/wp\/v2\/types\/page"}],"author":[{"embeddable":true,"href":"https:\/\/mcfaille.com\/index.php\/wp-json\/wp\/v2\/users\/1"}],"replies":[{"embeddable":true,"href":"https:\/\/mcfaille.com\/index.php\/wp-json\/wp\/v2\/comments?post=11733"}],"version-history":[{"count":3,"href":"https:\/\/mcfaille.com\/index.php\/wp-json\/wp\/v2\/pages\/11733\/revisions"}],"predecessor-version":[{"id":11744,"href":"https:\/\/mcfaille.com\/index.php\/wp-json\/wp\/v2\/pages\/11733\/revisions\/11744"}],"wp:attachment":[{"href":"https:\/\/mcfaille.com\/index.php\/wp-json\/wp\/v2\/media?parent=11733"}],"curies":[{"name":"wp","href":"https:\/\/api.w.org\/{rel}","templated":true}]}}