{"id":11314,"date":"2022-01-25T16:42:30","date_gmt":"2022-01-25T21:42:30","guid":{"rendered":"https:\/\/mcfaille.com\/?page_id=11314"},"modified":"2024-12-12T16:07:21","modified_gmt":"2024-12-12T21:07:21","slug":"a-propos","status":"publish","type":"page","link":"https:\/\/mcfaille.com\/index.php\/a-propos\/","title":{"rendered":"\u00c0 propos de moi"},"content":{"rendered":"","protected":false},"excerpt":{"rendered":"","protected":false},"author":1,"featured_media":0,"parent":0,"menu_order":0,"comment_status":"closed","ping_status":"closed","template":"","meta":{"slim_seo":{"title":"Marie-Claude Faille Acupunteure","description":"L\u2019acupuncture m\u2019int\u00e9resse \u00e9norm\u00e9ment car elle a une tout autre vision du corps humain. Elle le voit en interrelation avec son environnement et consid\u00e8re tous les aspects de notre vie."},"footnotes":""},"class_list":["post-11314","page","type-page","status-publish","hentry"],"_links":{"self":[{"href":"https:\/\/mcfaille.com\/index.php\/wp-json\/wp\/v2\/pages\/11314","targetHints":{"allow":["GET"]}}],"collection":[{"href":"https:\/\/mcfaille.com\/index.php\/wp-json\/wp\/v2\/pages"}],"about":[{"href":"https:\/\/mcfaille.com\/index.php\/wp-json\/wp\/v2\/types\/page"}],"author":[{"embeddable":true,"href":"https:\/\/mcfaille.com\/index.php\/wp-json\/wp\/v2\/users\/1"}],"replies":[{"embeddable":true,"href":"https:\/\/mcfaille.com\/index.php\/wp-json\/wp\/v2\/comments?post=11314"}],"version-history":[{"count":5,"href":"https:\/\/mcfaille.com\/index.php\/wp-json\/wp\/v2\/pages\/11314\/revisions"}],"predecessor-version":[{"id":11709,"href":"https:\/\/mcfaille.com\/index.php\/wp-json\/wp\/v2\/pages\/11314\/revisions\/11709"}],"wp:attachment":[{"href":"https:\/\/mcfaille.com\/index.php\/wp-json\/wp\/v2\/media?parent=11314"}],"curies":[{"name":"wp","href":"https:\/\/api.w.org\/{rel}","templated":true}]}}